 of 1270?
2, 5, 127
What are the prime factors of 6712?
2, 839
What are the prime factors of 2032?
2, 127
What are the prime factors of 54944?
2, 17, 101
List the prime factors of 3989.
3989
What are the prime factors of 126?
2, 3, 7
List the prime factors of 5048.
2, 631
What are the prime factors of 4109?
7, 587
List the prime factors of 61477.
13, 4729
What are the prime factors of 37842?
2, 3, 7, 17, 53
What are the prime factors of 763?
7, 109
List the prime factors of 599.
599
What are the prime factors of 7675?
5, 307
List the prime factors of 198064.
2, 12379
What are the prime factors of 39683?
7, 5669
What are the prime factors of 2406?
2, 3, 401
What are the prime factors of 44401?
7, 6343
List the prime factors of 96.
2, 3
List the prime factors of 4165.
5, 7, 17
List the prime factors of 8307.
3, 13, 71
List the prime factors of 536.
2, 67
What are the prime factors of 28712?
2, 37, 97
List the prime factors of 2485.
5, 7, 71
What are the prime factors of 30920?
2, 5, 773
What are the prime factors of 28580?
2, 5, 1429
List the prime factors of 1750.
2, 5, 7
List the prime factors of 143453.
167, 859
List the prime factors of 5212.
2, 1303
List the prime factors of 2543.
2543
List the prime factors of 145442.
2, 11, 601
What are the prime factors of 15914?
2, 73, 109
List the prime factors of 18635.
5, 3727
What are the prime factors of 22927?
101, 227
What are the prime factors of 1670?
2, 5, 167
What are the prime factors of 29791?
31
What are the prime factors of 862?
2, 431
What are the prime factors of 77?
7, 11
What are the prime factors of 5655?
3, 5, 13, 29
List the prime factors of 1259.
1259
List the prime factors of 6886.
2, 11, 313
What are the prime factors of 982?
2, 491
List the prime factors of 17339.
7, 2477
What are the prime factors of 10062?
2, 3, 13, 43
What are the prime factors of 97811?
7, 89, 157
List the prime factors of 47462.
2, 19, 1249
What are the prime factors of 598?
2, 13, 23
What are the prime factors of 7214?
2, 3607
What are the prime factors of 206?
2, 103
List the prime factors of 24013.
11, 37, 59
What are the prime factors of 15971?
15971
List the prime factors of 460.
2, 5, 23
List the prime factors of 465.
3, 5, 31
What are the prime factors of 1166?
2, 11, 53
What are the prime factors of 3543?
3, 1181
List the prime factors of 882.
2, 3, 7
What are the prime factors of 1983?
3, 661
What are the prime factors of 18289?
18289
What are the prime factors of 12387?
3, 4129
List the prime factors of 40443.
3, 13, 17, 61
What are the prime factors of 1456?
2, 7, 13
List the prime factors of 435.
3, 5, 29
List the prime factors of 486.
2, 3
List the prime factors of 30259.
30259
List the prime factors of 30190.
2, 5, 3019
What are the prime factors of 994?
2, 7, 71
List the prime factors of 93907.
11, 8537
What are the prime factors of 9303?
3, 7, 443
What are the prime factors of 50087?
50087
List the prime factors of 71924.
2, 17981
What are the prime factors of 2521?
2521
List the prime factors of 12151.
29, 419
What are the prime factors of 1849?
43
What are the prime factors of 16445?
5, 11, 13, 23
List the prime factors of 15236.
2, 13, 293
What are the prime factors of 1854?
2, 3, 103
What are the prime factors of 89051?
89051
List the prime factors of 21926.
2, 19, 577
List the prime factors of 668.
2, 167
List the prime factors of 12562.
2, 11, 571
What are the prime factors of 15048?
2, 3, 11, 19
List the prime factors of 3866.
2, 1933
What are the prime factors of 711?
3, 79
List the prime factors of 1976.
2, 13, 19
What are the prime factors of 12736?
2, 199
List the prime factors of 4868.
2, 1217
List the prime factors of 21276.
2, 3, 197
List the prime factors of 5047.
7, 103
What are the prime factors of 874?
2, 19, 23
List the prime factors of 1828.
2, 457
What are the prime factors of 17770?
2, 5, 1777
What are the prime factors of 42303?
3, 59, 239
What are the prime factors of 536?
2, 67
List the prime factors of 5631.
3, 1877
List the prime factors of 219.
3, 73
What are the prime factors of 9149?
7, 1307
What are the prime factors of 76792?
2, 29, 331
What are the prime factors of 4847?
37, 131
List the prime factors of 7911.
3, 293
List the prime factors of 1523.
1523
List the prime factors of 649.
11, 59
List the prime factors of 250.
2, 5
List the prime factors of 655.
5, 131
List the prime factors of 5207.
41, 127
What are the prime factors of 788?
2, 197
List the prime factors of 4754.
2, 2377
What are the prime factors of 48945?
3, 5, 13, 251
List the prime factors of 3818.
2, 23, 83
What are the prime factors of 17224?
2, 2153
What are the prime factors of 740?
2, 5, 37
List the prime factors of 105654.
2, 3, 17609
List the prime factors of 961.
31
What are the prime factors of 785?
5, 157
What are the prime factors of 10026?
2, 3, 557
List the prime factors of 1258.
2, 17, 37
List the prime factors of 25683.
3, 7, 1223
List the prime factors of 2238.
2, 3, 373
List the prime factors of 1798.
2, 29, 31
List the prime factors of 1551.
3, 11, 47
List the prime factors of 8020.
2, 5, 401
List the prime factors of 6663.
3, 2221
List the prime factors of 495.
3, 5, 11
What are the prime factors of 3901?
47, 83
What are the prime factors of 2521?
2521
What are the prime factors of 274?
2, 137
List the prime factors of 10755.
3, 5, 239
List the prime factors of 1435.
5, 7, 41
What are the prime factors of 63412?
2, 83, 191
What are the prime factors of 58498?
2, 11, 2659
What are the prime factors of 1123?
1123
What are the prime factors of 13498?
2, 17, 397
What are the prime factors of 624?
2, 3, 13
What are the prime factors of 2139?
3, 23, 31
What are the prime factors of 29150?
2, 5, 11, 53
List the prime factors of 86921.
17, 5113
What are the prime factors of 3026?
2, 17, 89
List the prime factors of 3513.
3, 1171
List the prime factors of 1739.
37, 47
List the prime factors of 13594.
2, 7, 971
List the prime factors of 6214.
2, 13, 239
List the prime factors of 26771.
19, 1409
What are the prime factors of 21903?
3, 7, 149
List the prime factors of 16249.
16249
List the prime factors of 2105.
5, 421
What are the prime factors of 147311?
147311
List the prime factors of 527.
17, 31
What are the prime factors of 12089?
7, 11, 157
List the prime factors of 5143.
37, 139
What are the prime factors of 1035?
3, 5, 23
List the prime factors of 142608.
2, 3, 2971
What are the prime factors of 9618?
2, 3, 7, 229
What are the prime factors of 132950?
2, 5, 2659
What are the prime factors of 42851?
73, 587
List the prime factors of 13956.
2, 3, 1163
List the prime factors of 3742.
2, 1871
What are the prime factors of 827?
827
List the prime factors of 1800.
2, 3, 5
List the prime factors of 18715.
5, 19, 197
List the prime factors of 971.
971
What are the prime factors of 42038?
2, 21019
What are the prime factors of 37745?
5, 7549
What are the prime factors of 41376?
2, 3, 431
List the prime factors of 8112.
2, 3, 13
List the prime factors of 3589.
37, 97
What are the prime factors of 1452?
2, 3, 11
What are the prime factors of 12359?
17, 727
List the prime factors of 97893.
3, 73, 149
What are the prime factors of 17304?
2, 3, 7, 103
What are the prime factors of 18695?
5, 3739
What are the prime factors of 1296?
2, 3
What are the prime factors of 787?
787
What are the prime factors of 30540?
2, 3, 5, 509
What are the prime factors of 2474?
2, 1237
What are the prime factors of 4067?
7, 83
What are the prime factors of 1097?
1097
What are the prime factors of 2564?
2, 641
What are the prime factors of 4865?
5, 7, 139
List the prime factors of 30052.
2, 11, 683
List the prime factors of 18433.
18433
List the prime factors of 83088.
2, 3, 577
What are the prime factors of 4984?
2, 7, 89
List the prime factors of 7048.
2, 881
List the prime factors of 17799.
3, 17, 349
What are the prime factors of 1640?
2, 5, 41
List the prime factors of 17531.
47, 373
What are the prime factors of 5070?
2, 3, 5, 13
List the prime factors of 23338.
2, 7, 1667
List the prime factors of 18897.
3, 6299
List the prime factors of 3731.
7, 13, 41
List the prime factors of 711.
3, 79
List the prime factors of 2599.
23, 113
What are the prime factors of 22765?
5, 29, 157
What are the prime fact